inder when 31170 is divided by 311.
70
What is the remainder when 596 is divided by 98?
8
Calculate the remainder when 2522 is divided by 196.
170
Calculate the remainder when 1774 is divided by 580.
34
What is the remainder when 179890 is divided by 19?
17
Calculate the remainder when 5116 is divided by 232.
12
Calculate the remainder when 634 is divided by 14.
4
What is the remainder when 9822 is divided by 614?
612
What is the remainder when 43179 is divided by 7190?
39
What is the remainder when 2620 is divided by 199?
33
Calculate the remainder when 539710 is divided by 107940.
10
Calculate the remainder when 2232 is divided by 114.
66
What is the remainder when 7756 is divided by 30?
16
Calculate the remainder when 8913 is divided by 85.
73
What is the remainder when 504905 is divided by 126?
23
Calculate the remainder when 225 is divided by 82.
61
Calculate the remainder when 93906 is divided by 21.
15
What is the remainder when 22119 is divided by 671?
647
What is the remainder when 279 is divided by 151?
128
Calculate the remainder when 33638 is divided by 47.
33
What is the remainder when 3237640 is divided by 282?
280
What is the remainder when 2450 is divided by 493?
478
What is the remainder when 2241536 is divided by 315?
311
What is the remainder when 212 is divided by 31?
26
Calculate the remainder when 810 is divided by 110.
40
Calculate the remainder when 344 is divided by 168.
8
What is the remainder when 2468 is divided by 472?
108
Calculate the remainder when 3355 is divided by 53.
16
Calculate the remainder when 5446 is divided by 227.
225
What is the remainder when 920 is divided by 225?
20
Calculate the remainder when 6383 is divided by 575.
58
What is the remainder when 5736 is divided by 186?
156
What is the remainder when 8505933 is divided by 9?
6
What is the remainder when 285 is divided by 237?
48
What is the remainder when 160440 is divided by 5942?
6
What is the remainder when 17388 is divided by 88?
52
What is the remainder when 95670 is divided by 24?
6
Calculate the remainder when 5480 is divided by 26.
20
Calculate the remainder when 2075 is divided by 34.
1
Calculate the remainder when 82785 is divided by 12.
9
What is the remainder when 4072 is divided by 68?
60
Calculate the remainder when 4399 is divided by 192.
175
Calculate the remainder when 17440 is divided by 3454.
170
Calculate the remainder when 191454 is divided by 124.
122
Calculate the remainder when 30623 is divided by 10162.
137
What is the remainder when 252669 is divided by 126324?
21
Calculate the remainder when 28147 is divided by 695.
347
What is the remainder when 73262 is divided by 626?
20
What is the remainder when 348039 is divided by 126?
27
What is the remainder when 55683 is divided by 27831?
21
Calculate the remainder when 322191 is divided by 178.
11
Calculate the remainder when 5482 is divided by 1421.
1219
What is the remainder when 77821 is divided by 12968?
13
What is the remainder when 37945 is divided by 140?
5
What is the remainder when 48245 is divided by 33?
32
Calculate the remainder when 370161 is divided by 124.
21
Calculate the remainder when 8036 is divided by 135.
71
Calculate the remainder when 114277 is divided by 40.
37
What is the remainder when 7799 is divided by 101?
22
Calculate the remainder when 41104 is divided by 41090.
14
What is the remainder when 1132360 is divided by 24?
16
What is the remainder when 308748 is divided by 1174?
1160
What is the remainder when 8563 is divided by 1711?
8
Calculate the remainder when 39072 is divided by 53.
11
What is the remainder when 5945 is divided by 807?
296
What is the remainder when 12440 is divided by 3106?
16
What is the remainder when 10723 is divided by 13?
11
Calculate the remainder when 1140 is divided by 308.
216
What is the remainder when 10245756 is divided by 29?
27
Calculate the remainder when 155396 is divided by 51787.
35
Calculate the remainder when 27095 is divided by 439.
316
Calculate the remainder when 12723 is divided by 271.
257
Calculate the remainder when 26939 is divided by 841.
27
What is the remainder when 64080 is divided by 44?
16
What is the remainder when 2375 is divided by 477?
467
Calculate the remainder when 1520 is divided by 632.
256
Calculate the remainder when 9391 is divided by 193.
127
What is the remainder when 44892 is divided by 724?
4
What is the remainder when 56817 is divided by 18913?
78
Calculate the remainder when 11804 is divided by 11796.
8
What is the remainder when 12965 is divided by 12947?
18
Calculate the remainder when 82337 is divided by 376.
369
What is the remainder when 4680 is divided by 1090?
320
What is the remainder when 16109 is divided by 14?
9
Calculate the remainder when 1441271 is divided by 69.
68
Calculate the remainder when 170217 is divided by 19.
15
Calculate the remainder when 1669 is divided by 109.
34
Calculate the remainder when 2354 is divided by 494.
378
Calculate the remainder when 10056 is divided by 5025.
6
Calculate the remainder when 44038 is divided by 225.
163
Calculate the remainder when 2611 is divided by 2068.
543
What is the remainder when 1698 is divided by 168?
18
Calculate the remainder when 776082 is divided by 20423.
8
What is the remainder when 36043 is divided by 3276?
7
What is the remainder when 48294 is divided by 98?
78
Calculate the remainder when 32058 is divided by 1781.
0
Calculate the remainder when 1254 is divided by 67.
48
Calculate the remainder when 19209 is divided by 164.
21
What is the remainder when 4939 is divided by 110?
99
Calculate the remainder when 570304 is divided by 6871.
11
What is the remainder when 13400 is divided by 526?
250
Calculate the remainder when 283040 is divided by 3.
2
Calculate the remainder when 14321 is divided by 1316.
1161
Calculate the remainder when 5948 is divided by 64.
60
Calculate the remainder when 823 is divided by 10.
3
Calculate the remainder when 124855 is divided by 76.
63
What is the remainder when 2296 is divided by 53?
17
Calculate the remainder when 30238 is divided by 475.
313
Calculate the remainder when 51908 is divided by 44.
32
Calculate the remainder when 20656 is divided by 33.
31
What is the remainder when 4612 is divided by 673?
574
Calculate the remainder when 227086 is divided by 38.
36
Calculate the remainder when 1028321 is divided by 15.
11
Calculate the remainder when 105359 is divided by 80.
79
What is the remainder when 9152 is divided by 1739?
457
Calculate the remainder when 752 is divided by 568.
184
What is the remainder when 103178 is divided by 776?
746
Calculate the remainder when 528106 is divided by 21.
19
Calculate the remainder when 46454 is divided by 911.
904
What is the remainder when 15277 is divided by 56?
45
What is the remainder when 19568 is divided by 215?
3
What is the remainder when 1317 is divided by 238?
127
What is the remainder when 1083 is divided by 312?
147
Calculate the remainder when 21095 is divided by 134.
57
What is the remainder when 39335 is divided by 40?
15
What is the remainder when 4568 is divided by 41?
17
What is the remainder when 3623 is divided by 137?
61
Calculate the remainder when 2435 is divided by 268.
23
What is the remainder when 32656 is divided by 115?
111
What is the remainder when 95173 is divided by 23?
22
What is the remainder when 162576 is divided by 169?
167
What is the remainder when 47228 is divided by 10?
8
Calculate the remainder when 18368 is divided by 438.
410
What is the remainder when 61002 is divided by 308?
18
Calculate the remainder when 148979 is divided by 30.
29
What is the remainder when 18620 is divided by 585?
485
Calculate the remainder when 16371 is divided by 19.
12
Calculate the remainder when 687671 is divided by 52.
23
What is the remainder when 8873 is divided by 2952?
17
Calculate the remainder when 2965 is divided by 137.
88
What is the remainder when 181830 is divided by 2331?
12
What is the remainder when 16743 is divided by 75?
18
Calculate the remainder when 40501 is divided by 264.
109
What is the remainder when 80122 is divided by 80110?
12
What is the remainder when 12157 is divided by 13?
2
What is the remainder when 7838 is divided by 779?
48
What is the remainder when 135684 is divided b